. Suppose -r + 3*f + 15 = 0, -4*r - 2*f + 5 - 1 = 0. Determine d(r).
-6
Let y(w) = -10*w**3 - 13*w**2 + 5*w + 2. Let f(l) = 3*l**3 + 4*l**2 - 2*l - 1. Let x(j) = -7*f(j) - 2*y(j). Give x(-2).
-5
Let b(p) = -32*p - 14 + 17*p + 11*p + 12. Determine b(-2).
6
Let r(d) = -13*d - 5 - d**2 + 5*d + 1. Let m = -7621 + 7614. Calculate r(m).
3
Let k(z) = z**2 + 3*z + 1. Let g = -11 - -16. Suppose 4*r + g*t - 4 = 0, -5*r = 3*t + 2*t. Let j be k(r). Let a(n) = -n**3 + 5*n**2 + n - 1. Give a(j).
4
Let p(x) = -x**2 - 24*x - 145. Let j be p(-14). Let u(k) = -3*k + 9. Calculate u(j).
24
Suppose 5 = 3*h + 17. Let i(x) = 22*x + 11. Let g(v) = -19*v - 10. Let f(u) = -6*g(u) - 5*i(u). What is f(h)?
-11
Let o be -2 + (-11)/(-5) - (-2)/(-10). Suppose k - x = -2*k - 19, 4*k - 4*x + 36 = o. Let p(n) = -n**3 - 4*n**2 + 5*n - 3. Give p(k).
-3
Let a(u) = u**2 + 2*u + 5. Let i be a(-3). Let p(b) = -4*b + b - i - b + 3*b - b**3 - b**2. Calculate p(0).
-8
Let v(m) be the third derivative of -1/15*m**6 + 0*m**3 + 0*m - 1/24*m**4 + 0 + 12*m**2 + 0*m**5. Calculate v(1).
-9
Let q(r) = r**3 + 6*r**2 + 4*r + 6. Let i = -24 - -12. Let p = -10 - i. Suppose w = -h - 10, -w + 0*w = p*h + 15. What is q(h)?
11
Let a(h) = h**3 + 3*h**2 - 3*h + 3. Suppose -3*s - 3 + 57 = 0. Let r(d) = s - 17*d + 28*d - 9*d. Let x be r(-11). Determine a(x).
-1
Let a = -5 - -17. Let s be 2/3 - 80/a. Let y(z) = -z - 3. Determine y(s).
3
Let g be 54/9 - (-3)/((-6)/14) - -7. Let b(j) = -5*j**2 + 4 + j**3 - 2 + 3 - 7*j. What is b(g)?
-1
Let g(q) = -q**2 - 4*q + 10. Let o be (-148)/(-8) + -5 + 6/(-4). Suppose -26 - 34 = o*r. Calculate g(r).
5
Let n(o) be the first derivative of -5*o**3/3 - o + 1. Suppose -12*h - 10 = -11*h. Let k(t) = t**3 + 10*t**2 - 2*t - 19. Let z be k(h). Give n(z).
-6
Let n(r) = -740*r + r**3 - 4*r**2 + 1478*r - 735*r - 10 + 2. Determine n(3).
-8
Let x(b) be the second derivative of 0 - 3*b - 1/3*b**3 - 9/2*b**2. Let v(w) = -w**2 - 6*w - 6. Let m be v(-6). Give x(m).
3
Let v = 16 + -9. Let a(m) = m**3 - 8*m**2 + 9*m - 2. Let o be a(v). Let t = -15 + o. Let p(c) = -c + 1. Calculate p(t).
4
Let k(b) = b**3 - 11*b**2 + 9*b + 6. Let p(j) = 2*j**2 + 6*j - 98. Let r be p(-9). Give k(r).
-4
Suppose -4*s + s = -12. Let h(v) = -5*v - 17. Let p(z) be the third derivative of -z**4/8 - 3*z**3/2 - 2*z**2. Let o(d) = -6*h(d) + 11*p(d). Give o(s).
-9
Let t(p) = -2*p - 8. Let y be t(-5). Let l(q) = -q + 3 - 48*q**2 + 47*q**y + 2. Determine l(-4).
-7
Let m(g) = -g**3 + 6*g**2 + 10*g - 15. Let s = -290 - -297. Determine m(s).
6
Let u(f) = -8*f**2 + 2*f**2 + f**3 + 1 + 4*f + 0*f**3. Suppose 5 = -3*l + 5*g, 4*g - 2 = 2*l + g. Calculate u(l).
-4
Let f(y) = -y**3 + 4*y + 3. Suppose 11 = -5*i - 24. Let l = -3 + i. Let u be (8/(-2))/(l/(-5)). What is f(u)?
3
Let l(r) = -r**2 - 11*r - 13. Let h be l(-9). Let n(t) = 2*t - 3*t**2 - 7*t**2 - 4 + 5*t**2 + 10*t**2 - t**3. Determine n(h).
6
Let l(n) = n**2 - 3*n - 9. Let m(i) = -i**2 - i**2 - 3*i - 8 + 3*i**2. Suppose 0 = -3*h + 6, -5*v - 3*h = -4*h + 22. Let q(a) = v*m(a) + 3*l(a). Give q(5).
-5
Let q(k) = 3*k**3 - 4*k**3 - 31*k - 6*k**2 + 19*k - 4 + 9*k. Give q(-6).
14
Let d(s) be the second derivative of -s**5/20 - s**4/4 - s**3/6 + 5*s**2/2 - s - 38. Give d(-3).
8
Let b(g) = 5*g**2 + 5*g - 9*g**3 - 2 - 3 + 8*g**3. Give b(6).
-11
Suppose 4*g = -4*a - 36, 5*g = -3*a - 3 - 40. Let t(z) = -z**2 - 7*z + 11. Calculate t(g).
3
Let b(s) = -29 - 7*s + s**2 + 17 + 19. Let f be (11 - 6)/(-3 + 2). Let r be 8 - f/(10/(-4)). Calculate b(r).
1
Let s(x) be the first derivative of 10 + 1/4*x**4 - x - x**3 + 1/2*x**2. Calculate s(2).
-3
Let n(i) = -2*i**3 + 8*i**2 + 0*i**3 + 1 - 3*i**2 + i**3 + i. Let l(g) = g**2 - 2*g - 3. Let o be l(4). Calculate n(o).
6
Let k(v) = -v + 10. Let b = -8 - -12. Let a = b - 4. Suppose a = -2*y, -4*m - 2*y + 32 = y. Give k(m).
2
Let q(f) = -f**3 - 12*f**2 - 16*f - 51. Let a be q(-11). Suppose 0 = -4*m + 4*p - 28, 4*p + 5 = -a*m - 31. Let o(n) = -n**2 - 6*n + 8. What is o(m)?
-8
Let k(v) = 6*v - 1. Let m(y) = y**2 - 2. Let n be m(-2). Suppose -d = -n*d + 2. Suppose -d*c - 4 = 2*c. Determine k(c).
-7
Let o(i) = i + 6. Suppose a = -3*r + 37, 5*r + 5*a + 35 = 10*r. What is o(r)?
17
Suppose 3*j - 15 = 4*q, -q - 2*j - 2*j = 18. Let s(r) be the first derivative of -r**4/4 - 2*r**3 - 2*r - 37. What is s(q)?
-2
Let b(o) = -o**2 - o - 26. Let v = -165 + 165. Determine b(v).
-26
Let s(i) be the first derivative of -i**3/3 - i**2/2 - 213. Let h be 3/(-2)*6/9. Give s(h).
0
Let l(h) be the first derivative of h**4/24 - h**3 + 6*h**2 + 1. Let q(d) be the second derivative of l(d). Determine q(5).
-1
Let a(x) = 18202 - 18204 - 2*x**2 + x**3 - 13*x - 10*x**2. Determine a(13).
-2
Let z(f) be the second derivative of -1/2*f**2 + 1/12*f**4 + 1/6*f**3 - 9*f + 0. Give z(0).
-1
Let i(n) = 3*n**3 - n**2. Let j be 36/(-54)*(0 - (-9)/6). What is i(j)?
-4
Let t(c) = -27*c + 7. Let m(s) = -41*s + 11 - 2*s + 2*s. Let b(a) = 5*m(a) - 8*t(a). Calculate b(-1).
-12
Let q(w) = 10*w - 61. Let u(z) = -52*z + 310. Let p(v) = 16*q(v) + 3*u(v). Determine p(11).
-2
Suppose -4*i - 4*n - 24 = -108, 0 = 4*i - 5*n - 84. Let a = 35 - i. Let p be 14/49 + 24/a. Let y(h) = 2*h - 2. Give y(p).
2
Suppose 3*p - p = 2. Let w(t) = 23*t**3 - 5*t**2 - 16*t**3 + 5*t + 0*t + 1. Let q(l) = l**2 - l. Let a(k) = -6*q(k) - w(k). Determine a(p).
-8
Let s(o) = 4*o**3 - 2*o - 1. Let p be ((-5)/4)/((-4)/16). Suppose -p*u + 5 = 3*m, -m = 4*u + 15 - 5. Suppose m = 3*g + 13. What is s(g)?
-3
Let k(q) = q**3 - 5*q**2 - 7*q - 2. Let h be (-1)/(((-15)/141)/5). Let w = h + -41. Calculate k(w).
-8
Let u(b) = 26*b - 129*b**2 - 69*b**2 + 201*b**2 - 8. Give u(-9).
1
Let d(f) be the third derivative of f**6/120 + f**3/3 + f**2. Suppose 4*x + 5*n - 3 = 0, 0 = -x + 2*x - n - 12. Let v be x/(-21)*12/2. What is d(v)?
-6
Let n be (1 + 3)/4 + 3. Suppose -n*m = -y - 6, 0*m + 4 = -m + 3*y. Let t be (-186)/66 - m/11. Let w(l) = -l**3 - 4*l**2 - 4*l. Calculate w(t).
3
Let q(c) = c**2 + 1515*c + 1517*c - 3048*c + 65. Calculate q(6).
5
Let j(y) be the third derivative of -y**8/1680 + y**4/8 - 20*y**2. Let o(c) be the second derivative of j(c). What is o(1)?
-4
Suppose -3*o = o - 5*t - 117, 3*t - 141 = -4*o. Let m = o - 34. Let p(i) = i. Determine p(m).
-1
Let p(y) = -y**2 + y - 3. Let x = -75 - -75. Let v be p(x). Let o(j) be the second derivative of -j**5/20 - j**4/4 - j**3/6 - 3*j**2/2 + 2*j. Determine o(v).
0
Let p(h) = -h**2 - 2*h + 26. Let j(k) = 25*k + 268. Let z be j(-11). What is p(z)?
-9
Let u(o) = -3*o. Let x be 2/(-4) - 21/(-2). Suppose -t = 2*j, -3*j + x = 4*t - 0*j. Suppose 0 = -2*b - t, v + 0*v - 3*b = 8. What is u(v)?
-6
Let z(m) = -m**2 + 4*m - 3. Suppose 0 = 13*b + 2*b - 45. Determine z(b).
0
Let l(z) = -z + 8*z - 11*z + 2. Let t(u) = u**3 + u. Let g be t(1). Calculate l(g).
-6
Let u(w) = -4*w + 32. Let f(z) = -11*z + 89. Let b(d) = -3*f(d) + 8*u(d). Give b(0).
-11
Let p(c) be the third derivative of 0 + 1/12*c**5 - 7/24*c**4 + 1/120*c**6 + 0*c - 1/2*c**3 + 6*c**2. Give p(-6).
3
Let w be 7 - (2 + (1 - 2)). Let y(r) = -4*r**2 + 0*r**2 - w*r**2 + 11*r**2 - 1 + 7*r. Calculate y(-5).
-11
Let v = 12 + -13. Let w be (v + -2)/(3/(-4)). Suppose -w*z + 0*z = -24. Let q(a) = a**3 - 5*a**2 - 7*a - 1. What is q(z)?
-7
Let p(s) = -5*s**2 - 5*s. Let x(y) = -4*y**2 - 4*y. Let z(v) = -3*p(v) + 4*x(v). Let f(q) = -7*q**3 + q**2 + 4*q + 5. Let i be f(-2). Let t = 59 - i. Give z(t).
-6
Suppose -o - 17 = -4. Let t = o - -18. Suppose 0 = -b - b, t*b = -5*x - 10. Let j(h) = 3*h + 1. What is j(x)?
-5
Let r(h) = 7*h - 1. Let m = -11 + 16. Suppose m = -4*j - 3. What is r(j)?
-15
Let f(c) = -13*c - 1. Suppose -2*i - i + 3*o = -12, 5*i - 3*o - 14 = 0. Suppose 2*h - 2 = 4*k, h - 3 + i = 3*k. What is f(k)?
12
Let x(h) = h**3 - 8*h**2 + 2*h - 10. Let f be 120/((-1)/(8/4)). Let c be (f/(-45))/(4/6). What is x(c)?
6
Let r(v) be the third derivative of 0*v**3 + 0*v**4 + 2*v**2 + 0*v + 0 + 1/20*v**5. Let t(c) = -c**2 - 6*c + 6. Let l be t(-7). Determine r(l).
3
Let q(h) be the second derivative of -1/3*h**3 + 0 + 9*h - 7/2*h**2. Determine q(-5).
3
Let m(p) be the first derivative of p**3/3 - 5*p**2 - p - 28. Calculate m(7).
-22
Let u(p) = p**3 + 2*p**2 - 4*p - 1. Let i be u(-3). Let o(s) be the first derivative of -1/2*s**i - 2*s - 5 + s**3 + 1/2*s**4.